se 6*d + 24 = i. Calculate the remainder when d is divided by c.
14
Let o(m) = -2 + 3*m**3 - 2*m**2 - 4*m**3 + 3*m**2. Suppose -92*z + 5*a + 50 = -87*z, -2*a = 4*z - 52. What is the remainder when o(-3) is divided by z?
10
Suppose 16 = 3*n + 1. Suppose -2*q - 5*c = 3, -55 = -4*q + n*c + 14. What is the remainder when q is divided by 4?
3
Let o(m) = m**3 + 6*m**2 - 4*m + 2. Let f be 2/4 + (-33)/6. Let j be o(f). Suppose 0 = 3*z + 14 - j. Calculate the remainder when z is divided by 4.
3
Let p = -12 + 23. Calculate the remainder when 22 is divided by p/11*(8 + 0).
6
Suppose -265 = -5*m + 335. Calculate the remainder when m is divided by 32.
24
Suppose 0 = -5*i - 9 + 44. Let o = 18 - i. Calculate the remainder when 30 is divided by o.
8
Suppose 0*u + u - 14 = -2*d, -d = -2*u + 8. Suppose 3*v + u = -o, 4*v = -v - 15. Calculate the remainder when ((-4)/(-3))/(1/o) is divided by 3.
1
Suppose -10 = -3*r + 2. Let k(o) = 5*o - 1. Let m(g) = 37*g**2 - 2*g + 1. Calculate the remainder when m(1) is divided by k(r).
17
Let m be 0 - (2 - 1) - -6. Suppose 0 = -4*t + 5*j + 53, -m*t + 5*j + 40 = -25. Suppose 88 = 3*w - 17. What is the remainder when w is divided by t?
11
Suppose -5*h + 90 = 3*n - 61, n = 3*h + 69. Let g(r) = -4*r + 3. What is the remainder when n is divided by g(-3)?
12
Let m(p) = -9*p + 5. What is the remainder when m(-6) is divided by 12?
11
Let u(i) = i**2 - 3*i - 5. Let o be u(5). Suppose 2 = o*p - 63. Calculate the remainder when 23 is divided by p.
10
Suppose -s + 5*s - 68 = 0. Let v(w) = 10*w**2 + w. What is the remainder when s is divided by v(-1)?
8
Let p = 10 + -6. Suppose 4*g = 4*a - 56, 10*a - 97 = 5*a - p*g. Calculate the remainder when 33 is divided by a.
16
Let k(p) be the first derivative of -p**3 + p**2 - p + 2. Let b be k(1). Calculate the remainder when 29 is divided by b/(-8) + 273/28.
9
Suppose i - 5*i = 16. Let z be 0 + i/((-8)/118). Suppose -3*h + z = -5*r, 5*h + 3*r - 53 - 34 = 0. What is the remainder when 34 is divided by h?
16
Let j = 13 - 9. Let u = -3 - -5. What is the remainder when (u/4)/(j/440) is divided by 19?
17
Let c(j) = -2 - 4*j + 1 - j + 2*j. What is the remainder when c(-4) is divided by 3?
2
Suppose -2*n - 147 = -3*g, 0 = -n - 0*n. Calculate the remainder when g is divided by 17.
15
Let n be (0/2)/(0 + 2). Let f be 4 + 0 - (-1 - n). Suppose 0 = 5*c + 2 + 8, -f*g - 3*c = -109. Calculate the remainder when g is divided by 8.
7
Suppose 0 = 3*n + 3*i, n + 2*i - 1 + 6 = 0. Suppose w + n = -1. Calculate the remainder when w/(-9)*3 - 0 is divided by 2.
0
Let y = 43 - 31. What is the remainder when 34 is divided by y?
10
Let l(q) = -q + 4. Let z be l(4). Suppose z = 2*y + y - 27. Calculate the remainder when 25 is divided by y.
7
Let f(w) = -w**2 + 9*w + 12. Let s be f(10). Calculate the remainder when (-31)/((-2)/((-4)/(-2))) is divided by 30/4 - (-1)/s.
7
Let v = -21 - -17. Calculate the remainder when 35 is divided by 2 - (37 + 3)/v.
11
Let i be 2/2*33 + -3. Let b = i + 1. What is the remainder when b is divided by 8?
7
Suppose 0 = -7*k + 4*k + 66. What is the remainder when k is divided by 12?
10
Suppose -92 = -4*c - 0*c. Calculate the remainder when 87 is divided by c.
18
Suppose -y + 0*f - 5*f + 22 = 0, -52 = -3*y - f. Calculate the remainder when y is divided by 5.
2
Let o = 6 - 5. Suppose 0 = -2*w + 4*w - 88. Calculate the remainder when (o/((-2)/w))/(-1) is divided by 12.
10
Let w = 230 - 154. What is the remainder when w is divided by 26?
24
Suppose 89 + 31 = 5*d. What is the remainder when d is divided by 10?
4
Let p = -1 - -3. Suppose 4 + p = -2*q. What is the remainder when 28 is divided by (-18)/(1 + -2) + q?
13
Let j(p) = -p**2 + 13*p + 19. Calculate the remainder when 93 is divided by j(13).
17
Let t = -2 - -25. Suppose -3*a + 2*a + 89 = 0. What is the remainder when a is divided by t?
20
Let f(m) be the first derivative of -m**2/2 + 8*m + 4. What is the remainder when 89 is divided by f(-5)?
11
Let i = -12 - -39. Let o(k) = 53*k**2 + 18*k + 17. What is the remainder when o(-1) is divided by i?
25
Calculate the remainder when 3 is divided by (-6)/(-14) - 126/(-49).
0
Calculate the remainder when 7 is divided by 1*3 - (-4 - 2/(-1)).
2
Suppose 8*y = 5*y + 1140. Suppose 3*w - t - 140 = w, -5*w - 5*t + y = 0. What is the remainder when w is divided by 15?
12
Let g(s) = -s**2 + 18*s + 10. What is the remainder when g(16) is divided by 11?
9
Let b(y) = 2*y**2 - 15*y - 13. Calculate the remainder when b(14) is divided by 19.
17
Suppose -3*a + 15 = -6. Let k = a - 3. Suppose -b - 17 = -3*t, -t + 0*t + k*b = -13. Calculate the remainder when t is divided by 3.
2
Let n(g) = -14*g - 6. Let l = -6 + 19. What is the remainder when n(-4) is divided by l?
11
Let u(w) = w + 2. What is the remainder when u(13) is divided by 6?
3
Suppose 3560 = 21*z - z. What is the remainder when z is divided by 36?
34
Suppose 3*q - 6 + 0 = 0. Let a(l) = -l**3 + 3*l**2 + l - 1. Calculate the remainder when 9 is divided by a(q).
4
Suppose 30 = -4*l + 174. What is the remainder when 105 is divided by l?
33
Let z = 1 - 1. Suppose c + r = 3, -7 = -c + 3*r - z*r. Suppose 0*l + 10 = t - l, -c*t + 3*l = -36. What is the remainder when 11 is divided by t?
5
Suppose m - 3*k - 87 = 0, 2*k = -m - 0*k + 87. Calculate the remainder when m is divided by 8.
7
Suppose 2*h + 2*x = 3*h + 7, 65 = -5*h - 5*x. Let s = h - -7. Let d = s + 13. Calculate the remainder when 26 is divided by d.
8
Let y(j) = -j + 16. Suppose -4*s + 72 - 24 = 0. Suppose 0 = 5*z - 28 - s. Calculate the remainder when z is divided by y(11).
3
Suppose -65 = -4*f - 13. Suppose -s + 4 = 1. What is the remainder when (s/4)/((-5)/(-240)) is divided by f?
10
Let i = 10 - 1. What is the remainder when 24 is divided by i?
6
Suppose 2*x + 3*y - 18 = 2*y, 3*x = -5*y + 20. Suppose -2*d - x = -4*d. Let p(t) = t**3 - 9*t**2 + 8*t + 8. Calculate the remainder when p(8) is divided by d.
3
Let f(s) = 10*s**3 - s**2 + 1. Let c(a) = a + 9. Let j be c(-8). Let l(o) = 3*o + 1. Calculate the remainder when l(6) is divided by f(j).
9
Suppose -15 = -o - 11. Calculate the remainder when 4 is divided by o.
0
Let q(c) = 13*c - 12. What is the remainder when 69 is divided by q(2)?
13
Let p = 36 + -22. Suppose 4*d = -5*q + 185, -3*q = 4*d + 61 - 236. What is the remainder when d is divided by p?
12
Let t = -57 + 88. What is the remainder when 102 is divided by t?
9
Let v = -32 - -52. Suppose 2*q = 3*q + 2. Calculate the remainder when v is divided by q*(-3)/((-6)/(-7)).
6
Let x be ((-2 + 2)/3)/(-2). Suppose -13 = -f - x*f. Calculate the remainder when f is divided by 4.
1
Let i(l) = l**2 - 10*l + 2. What is the remainder when 3 is divided by i(10)?
1
Let c = 77 - 18. What is the remainder when c is divided by 15?
14
Calculate the remainder when 44 is divided by (-4)/(-14) + 477/21.
21
Let h = -15 + -15. Let x = h - -51. What is the remainder when x is divided by 6?
3
Suppose 297 = 3*g + 3*v, 4*g = -3*v + 31 + 367. What is the remainder when g is divided by 34?
33
Suppose 7*b - 3*b = 72. Let d = 64 - -5. Calculate the remainder when d is divided by b.
15
Let i = 3 - 3. Suppose i*o = 4*o - 44. What is the remainder when (-1 - -31) + 3/3 is divided by o?
9
Suppose 0*a - 48 = -4*a. Calculate the remainder when a is divided by 5.
2
Suppose 7*x = 3*x - 40. Let l = -7 - x. What is the remainder when 11 is divided by l?
2
Let p(j) = j**3 - j**2 + j + 1. What is the remainder when 43 is divided by p(3)?
21
Let j(f) = 8*f. Suppose 3*x - 16 = 29. Suppose -5*c + 85 = x. What is the remainder when c is divided by j(1)?
6
Let n = -95 - -117. Suppose 2*h + 3*h = 425. Calculate the remainder when h is divided by n.
19
Let i = 16 - 9. Let l = i - -5. Calculate the remainder when (-1 + -2 + 26)*1 is divided by l.
11
Suppose 3*a - 639 = -3*f - 0*f, -3*a + 651 = -3*f. Calculate the remainder when a is divided by 54.
53
Suppose 2*d = -2*d + 164. Let x be 2/(-7) + 816/14. Suppose -h = 0, 5*m - 47 - x = 5*h. What is the remainder when d is divided by m?
20
Suppose 2*y = 4*t + 82, -4*y - t + 0*t = -209. Calculate the remainder when y is divided by 27.
24
Suppose -5*l + 20 = -0*l. Let k be (2/4)/(l/(-56)). Let x = -3 - k. What is the remainder when 9 is divided by x?
1
Let m = 7 - 1. Let l = 8 + m. What is the remainder w